{"id":79,"date":"2013-10-03T12:21:46","date_gmt":"2013-10-03T10:21:46","guid":{"rendered":"http:\/\/galerie3000.ch\/?page_id=79"},"modified":"2014-11-23T21:05:22","modified_gmt":"2014-11-23T21:05:22","slug":"liza-trottet","status":"publish","type":"page","link":"https:\/\/galerie3000.ch\/wordpress\/artists\/liza-trottet\/","title":{"rendered":"Liza Trottet"},"content":{"rendered":"<p>Liza Trottet (*1987) CH<\/p>\n<p>Lebt und arbeitet in CH Bern.<\/p>\n<p>In der Galerie 3000 am 19.10. mit <a href=\"http:\/\/galerie3000.ch\/liza-trottet-maison-de-lartiste-iii-vernissage-19-10-2013\/\">Maison de l&#8217;artiste\u00a0III<\/a><\/p>\n<p><a href=\"http:\/\/galerie3000.ch\/wordpress\/wp-content\/uploads\/2013\/10\/LizaTrottet101.jpg\"><img loading=\"lazy\" decoding=\"async\" class=\"alignnone size-large wp-image-90\" src=\"http:\/\/galerie3000.ch\/wordpress\/wp-content\/uploads\/2013\/10\/LizaTrottet101-1024x723.jpg\" alt=\"Liza Trottet\" width=\"550\" height=\"388\" srcset=\"https:\/\/galerie3000.ch\/wordpress\/wp-content\/uploads\/2013\/10\/LizaTrottet101-1024x723.jpg 1024w, https:\/\/galerie3000.ch\/wordpress\/wp-content\/uploads\/2013\/10\/LizaTrottet101-300x212.jpg 300w, https:\/\/galerie3000.ch\/wordpress\/wp-content\/uploads\/2013\/10\/LizaTrottet101-600x424.jpg 600w, https:\/\/galerie3000.ch\/wordpress\/wp-content\/uploads\/2013\/10\/LizaTrottet101.jpg 1754w\" sizes=\"auto, (max-width: 550px) 100vw, 550px\" \/><br \/>\n<\/a><\/p>\n<p>In ihren Arbeiten besch\u00e4ftigte sich Liza Trottet in der Vergangenheit viel mit Form und Volumen. Sie nimmt Raumerinnerungen und Erlebnisse ihrer Vergangenheit als Ausgangslage und setzt sich dann k\u00fcnstlerisch damit auseinander.<\/p>\n<p dir=\"ltr\">Auch ohne ihren Hintergrund oder Beweggr\u00fcnde zu kennen, bestechen Liza Trottets Werke durch eine klare Formensprache und eine klare Stringenz im Kontext des Gesamtwerkes der K\u00fcnstlerin.<\/p>\n<p>Die Arbeit Maison de l\u2019artiste III, welche Liza Trottet f\u00fcr die Galerie 3000 entwickelt hat, ist eine Weiterf\u00fchrung eines \u00e4lteren Werkes. Damals war die Ausgangslage das Volumen des damaligen Wohnhauses. Das aktuelle Werk weisst einen Hundertstel der Dimension des Urspungswerkes auf.<\/p>\n<p>Die folgenden Bilder vermitteln einen Eindruck der Ausstellung von Liza Trottet in der Galerie 3000:<br \/>\n<a title=\"Liza Trottet at Galerie 3000, 10.2013 von simzie bei Flickr\" href=\"http:\/\/www.flickr.com\/photos\/killerkitty\/10422825586\/\"><img loading=\"lazy\" decoding=\"async\" src=\"http:\/\/farm4.staticflickr.com\/3777\/10422825586_bd9a9b359a.jpg\" alt=\"Liza Trottet at Galerie 3000, 10.2013\" width=\"500\" height=\"375\" \/><\/a><br \/>\n<a title=\"Liza Trottet at Galerie 3000, 10.2013 von simzie bei Flickr\" href=\"http:\/\/www.flickr.com\/photos\/killerkitty\/10422793264\/\"><img loading=\"lazy\" decoding=\"async\" src=\"http:\/\/farm8.staticflickr.com\/7367\/10422793264_06c58593e7.jpg\" alt=\"Liza Trottet at Galerie 3000, 10.2013\" width=\"500\" height=\"375\" \/><\/a><\/p>\n<p>&#8211;<br \/>\n<a title=\"lizaTrottet 11 von simzie bei Flickr\" href=\"http:\/\/www.flickr.com\/photos\/killerkitty\/10797929825\/\"><img loading=\"lazy\" decoding=\"async\" src=\"http:\/\/farm4.staticflickr.com\/3819\/10797929825_d7e414b0eb.jpg\" alt=\"lizaTrottet 11\" width=\"500\" height=\"375\" \/><\/a><\/p>\n<p><a title=\"lizaTrottet 13 von simzie bei Flickr\" href=\"http:\/\/www.flickr.com\/photos\/killerkitty\/10798175123\/\"><img loading=\"lazy\" decoding=\"async\" src=\"http:\/\/farm4.staticflickr.com\/3828\/10798175123_1e791843fd.jpg\" alt=\"lizaTrottet 13\" width=\"500\" height=\"375\" \/><\/a><\/p>\n<p><a title=\"lizaTrottet 15 von simzie bei Flickr\" href=\"http:\/\/www.flickr.com\/photos\/killerkitty\/10798178573\/\"><img loading=\"lazy\" decoding=\"async\" src=\"http:\/\/farm6.staticflickr.com\/5522\/10798178573_72d9f78ab3.jpg\" alt=\"lizaTrottet 15\" width=\"500\" height=\"375\" \/><\/a><\/p>\n<p><a title=\"lizaTrottet 22 von simzie bei Flickr\" href=\"http:\/\/www.flickr.com\/photos\/killerkitty\/10797956946\/\"><img loading=\"lazy\" decoding=\"async\" src=\"http:\/\/farm4.staticflickr.com\/3817\/10797956946_acf056a3cf.jpg\" alt=\"lizaTrottet 22\" width=\"500\" height=\"375\" \/><\/a><\/p>\n<p>&nbsp;<\/p>\n<p><a href=\"http:\/\/galerie3000.ch\/wordpress\/wp-content\/uploads\/2013\/10\/2013-10-15-13.49.291.jpg\"><img loading=\"lazy\" decoding=\"async\" class=\"alignleft size-large wp-image-116\" src=\"http:\/\/galerie3000.ch\/wordpress\/wp-content\/uploads\/2013\/10\/2013-10-15-13.49.291-1024x764.jpg\" alt=\"2013-10-15 13.49.29\" width=\"550\" height=\"410\" srcset=\"https:\/\/galerie3000.ch\/wordpress\/wp-content\/uploads\/2013\/10\/2013-10-15-13.49.291-1024x764.jpg 1024w, https:\/\/galerie3000.ch\/wordpress\/wp-content\/uploads\/2013\/10\/2013-10-15-13.49.291-300x224.jpg 300w, https:\/\/galerie3000.ch\/wordpress\/wp-content\/uploads\/2013\/10\/2013-10-15-13.49.291-600x448.jpg 600w\" sizes=\"auto, (max-width: 550px) 100vw, 550px\" \/><\/a><\/p>\n<p>Gerne stellen wir auf Ihren Wunsch hin Kontakt zur K\u00fcnstlerin her. Treten Sie einfach in <a href=\"http:\/\/galerie3000.ch\/contact\/\">Kontakt<\/a>!<\/p>\n","protected":false},"excerpt":{"rendered":"<p>Liza Trottet (*1987) CH Lebt und arbeitet in CH Bern. In der Galerie 3000 am 19.10. mit Maison de l&#8217;artiste\u00a0III In ihren Arbeiten besch\u00e4ftigte sich Liza Trottet in der Vergangenheit viel mit Form und Volumen. Sie nimmt Raumerinnerungen und Erlebnisse&#8230;<\/p>\n","protected":false},"author":2,"featured_media":0,"parent":20,"menu_order":0,"comment_status":"open","ping_status":"open","template":"page-template-fullwidth.php","meta":{"footnotes":""},"class_list":["post-79","page","type-page","status-publish","hentry"],"_links":{"self":[{"href":"https:\/\/galerie3000.ch\/wordpress\/wp-json\/wp\/v2\/pages\/79","targetHints":{"allow":["GET"]}}],"collection":[{"href":"https:\/\/galerie3000.ch\/wordpress\/wp-json\/wp\/v2\/pages"}],"about":[{"href":"https:\/\/galerie3000.ch\/wordpress\/wp-json\/wp\/v2\/types\/page"}],"author":[{"embeddable":true,"href":"https:\/\/galerie3000.ch\/wordpress\/wp-json\/wp\/v2\/users\/2"}],"replies":[{"embeddable":true,"href":"https:\/\/galerie3000.ch\/wordpress\/wp-json\/wp\/v2\/comments?post=79"}],"version-history":[{"count":1,"href":"https:\/\/galerie3000.ch\/wordpress\/wp-json\/wp\/v2\/pages\/79\/revisions"}],"predecessor-version":[{"id":680,"href":"https:\/\/galerie3000.ch\/wordpress\/wp-json\/wp\/v2\/pages\/79\/revisions\/680"}],"up":[{"embeddable":true,"href":"https:\/\/galerie3000.ch\/wordpress\/wp-json\/wp\/v2\/pages\/20"}],"wp:attachment":[{"href":"https:\/\/galerie3000.ch\/wordpress\/wp-json\/wp\/v2\/media?parent=79"}],"curies":[{"name":"wp","href":"https:\/\/api.w.org\/{rel}","templated":true}]}}