{"id":488,"date":"2014-06-07T15:57:24","date_gmt":"2014-06-07T13:57:24","guid":{"rendered":"http:\/\/galerie3000.ch\/?page_id=488"},"modified":"2015-03-09T07:08:49","modified_gmt":"2015-03-09T07:08:49","slug":"uta-putz","status":"publish","type":"page","link":"https:\/\/galerie3000.ch\/wordpress\/artists\/uta-putz\/","title":{"rendered":"Uta P\u00fctz"},"content":{"rendered":"<p>Uta P\u00fctz,\u00a0<span style=\"color: #000000;\">*1969 in Aachen, Deutschland<\/span><\/p>\n<p><span style=\"color: #000000;\">&#8222;Knarzen&#8220;,\u00a0<\/span>Einzelausstellung in der Galerie 3000 4. &#8211; 29. September 2014<\/p>\n<p><a href=\"http:\/\/utapuetz.blogspot.ch\/\" target=\"_blank\">Website<\/a> der K\u00fcnstlerin<\/p>\n<p><a href=\"http:\/\/galerie3000.ch\/wordpress\/wp-content\/uploads\/2013\/08\/utapuetz-300x212.png\"><img loading=\"lazy\" decoding=\"async\" class=\" size-full wp-image-606 alignnone\" src=\"http:\/\/galerie3000.ch\/wordpress\/wp-content\/uploads\/2013\/08\/utapuetz-300x212.png\" alt=\"utapuetz-300x212\" width=\"300\" height=\"212\" \/><\/a><\/p>\n<p>&nbsp;<\/p>\n<p><span style=\"color: #000000;\"><span style=\"font-family: 'Avenir Light';\"><span style=\"font-size: medium;\">Uta P\u00fctz&#8216; Schwerpunkte sind Bildhauerei und Fotografie. Sie interessiert die Schnittstelle zwischen Fl\u00e4che und Raum. B\u00fccher zum Beispiel sieht sie als Verbindung von Zweidimensionalit\u00e4t und Dreidimensionalit\u00e4t, von Material und Nicht-Material.<\/span><\/span><\/span><\/p>\n<p><span style=\"color: #000000;\"><span style=\"font-family: 'Avenir Light';\"><span style=\"font-size: medium;\">Sie entwickelt ihre Arbeiten haupts\u00e4chlich aus Fundst\u00fccken, die sie als Skulpturen und Objekte im Raum oder auf Fotografien inszeniert. Oder aber sie ver\u00e4ndert gefundene Fotografien, indem sie sie einscannt und dann einen Ausschnitt w\u00e4hlt, der sich an der Schnittstelle von Abstraktion und Gegenst\u00e4ndlichkeit befindet. <\/span><\/span><\/span><\/p>\n<p><span style=\"color: #000000;\"><span style=\"font-family: 'Avenir Light';\"><span style=\"font-size: medium;\">P\u00fctz geht oft auf die Suche, meist aber begegnen ihr Dinge und Materialien unvorhergesehen. Die Intuition spielt dabei eine gro\u00dfe Rolle. <\/span><\/span><\/span><\/p>\n<p><span style=\"color: #000000;\"><span style=\"font-family: 'Avenir Light';\"><span style=\"font-size: medium;\">Auch die Titel der Arbeiten sind Fundst\u00fccke und gleichwertiger Bestandteil ihres Werks.<\/span><\/span><\/span><\/p>\n<p><span style=\"color: #000000;\"><span style=\"font-family: 'Avenir Light';\"><span style=\"font-size: medium;\">Alle Dinge, die sie findet, haben Gebrauchsspuren, die auf ihre Geschichte, eine Vergangenheit hinweisen, die sich meistens nicht rekonstruieren lie\u00dfe, die Uta P\u00fctz aber auch gar nicht herausfinden m\u00f6chte \u2013 im Gegenteil.<\/span><\/span><\/span><\/p>\n<p><span style=\"font-family: 'Avenir Light';\"><span style=\"font-size: small;\"><i><a href=\"http:\/\/galerie3000.ch\/wordpress\/wp-content\/uploads\/2014\/06\/MG_3613sw-m.jpg\"><img loading=\"lazy\" decoding=\"async\" class=\" size-full wp-image-727 alignnone\" src=\"http:\/\/galerie3000.ch\/wordpress\/wp-content\/uploads\/2014\/06\/MG_3613sw-m.jpg\" alt=\"MG_3613sw-m\" width=\"397\" height=\"567\" srcset=\"https:\/\/galerie3000.ch\/wordpress\/wp-content\/uploads\/2014\/06\/MG_3613sw-m.jpg 397w, https:\/\/galerie3000.ch\/wordpress\/wp-content\/uploads\/2014\/06\/MG_3613sw-m-210x300.jpg 210w\" sizes=\"auto, (max-width: 397px) 100vw, 397px\" \/><br \/>\n<\/a>Miss Frost I, 2014, digitaler BW Print 70x100cm<\/i><\/span><\/span><\/p>\n<p><span style=\"font-family: 'Avenir Light';\"><span style=\"font-size: medium;\"><span style=\"color: #000000;\">Was sie interessiert, sind Abwesenheit und Leere und das Fehlen von Information. Da die Gegenst\u00e4nde und Materialien in den meisten F\u00e4llen gebraucht sind, wei\u00df man, dass es die Information bzw. eine individuelle Geschichte gibt, kommt aber nicht mehr an sie heran. Es schwebt etwas im Raum und bleibt auch da. Uta P\u00fctz m\u00f6chte die Kontrolle u\u0308ber ihre Arbeit nicht bis zum Schluss behalten. In dieser Leerstelle soll sich etwas Eigenes entwickeln.<\/span> <\/span><\/span><\/p>\n<p>Installationsansicht der Ausstellung in der Galerie 3000:<\/p>\n<p>&nbsp;<\/p>\n<p><a href=\"http:\/\/galerie3000.ch\/wordpress\/wp-content\/uploads\/2014\/06\/Knarzen2014.jpg\"><img loading=\"lazy\" decoding=\"async\" class=\" wp-image-729 size-large alignnone\" src=\"http:\/\/galerie3000.ch\/wordpress\/wp-content\/uploads\/2014\/06\/Knarzen2014-682x1024.jpg\" alt=\"Knarzen2014\" width=\"682\" height=\"1024\" srcset=\"https:\/\/galerie3000.ch\/wordpress\/wp-content\/uploads\/2014\/06\/Knarzen2014-682x1024.jpg 682w, https:\/\/galerie3000.ch\/wordpress\/wp-content\/uploads\/2014\/06\/Knarzen2014-200x300.jpg 200w, https:\/\/galerie3000.ch\/wordpress\/wp-content\/uploads\/2014\/06\/Knarzen2014.jpg 1066w\" sizes=\"auto, (max-width: 682px) 100vw, 682px\" \/><\/a><br \/>\n<i>Knarzen<\/i>, 2014, 2:20, Loop, ohne Sound \u00a0&#8211; <a href=\"https:\/\/vimeo.com\/94052142\" target=\"_blank\">Link zum Video<\/a><\/p>\n","protected":false},"excerpt":{"rendered":"<p>Uta P\u00fctz,\u00a0*1969 in Aachen, Deutschland &#8222;Knarzen&#8220;,\u00a0Einzelausstellung in der Galerie 3000 4. &#8211; 29. September 2014 Website der K\u00fcnstlerin &nbsp; Uta P\u00fctz&#8216; Schwerpunkte sind Bildhauerei und Fotografie. Sie interessiert die Schnittstelle zwischen Fl\u00e4che und Raum. B\u00fccher zum Beispiel sieht sie als&#8230;<\/p>\n","protected":false},"author":2,"featured_media":0,"parent":20,"menu_order":0,"comment_status":"closed","ping_status":"closed","template":"page-template-fullwidth.php","meta":{"footnotes":""},"class_list":["post-488","page","type-page","status-publish","hentry"],"_links":{"self":[{"href":"https:\/\/galerie3000.ch\/wordpress\/wp-json\/wp\/v2\/pages\/488","targetHints":{"allow":["GET"]}}],"collection":[{"href":"https:\/\/galerie3000.ch\/wordpress\/wp-json\/wp\/v2\/pages"}],"about":[{"href":"https:\/\/galerie3000.ch\/wordpress\/wp-json\/wp\/v2\/types\/page"}],"author":[{"embeddable":true,"href":"https:\/\/galerie3000.ch\/wordpress\/wp-json\/wp\/v2\/users\/2"}],"replies":[{"embeddable":true,"href":"https:\/\/galerie3000.ch\/wordpress\/wp-json\/wp\/v2\/comments?post=488"}],"version-history":[{"count":3,"href":"https:\/\/galerie3000.ch\/wordpress\/wp-json\/wp\/v2\/pages\/488\/revisions"}],"predecessor-version":[{"id":730,"href":"https:\/\/galerie3000.ch\/wordpress\/wp-json\/wp\/v2\/pages\/488\/revisions\/730"}],"up":[{"embeddable":true,"href":"https:\/\/galerie3000.ch\/wordpress\/wp-json\/wp\/v2\/pages\/20"}],"wp:attachment":[{"href":"https:\/\/galerie3000.ch\/wordpress\/wp-json\/wp\/v2\/media?parent=488"}],"curies":[{"name":"wp","href":"https:\/\/api.w.org\/{rel}","templated":true}]}}