{"id":1769,"date":"2022-11-01T19:55:40","date_gmt":"2022-11-01T19:55:40","guid":{"rendered":"https:\/\/galerie3000.ch\/wordpress\/?page_id=1769"},"modified":"2022-12-25T13:00:35","modified_gmt":"2022-12-25T13:00:35","slug":"katrin-niedermeier","status":"publish","type":"page","link":"https:\/\/galerie3000.ch\/wordpress\/katrin-niedermeier\/","title":{"rendered":"Katrin Niedermeier"},"content":{"rendered":"\n<p>Dizzy Daisy<\/p>\n\n\n\n<p>Einzelausstellung von Katrin Niedermeier in der Galerie 3000<\/p>\n\n\n\n<p>Vernissage: 10.11.2022 18h<\/p>\n\n\n\n<p>Dauer der Ausstellung: 12.11. bis 10.12.2022 jeweils 13-16h<\/p>\n\n\n\n<figure class=\"wp-block-image size-large\"><a href=\"http:\/\/galerie3000.ch\/wordpress\/wp-content\/uploads\/2022\/11\/dizzy_daisy.png\"><img loading=\"lazy\" decoding=\"async\" width=\"768\" height=\"1024\" src=\"http:\/\/galerie3000.ch\/wordpress\/wp-content\/uploads\/2022\/11\/dizzy_daisy-768x1024.png\" alt=\"\" class=\"wp-image-1766\" srcset=\"https:\/\/galerie3000.ch\/wordpress\/wp-content\/uploads\/2022\/11\/dizzy_daisy-768x1024.png 768w, https:\/\/galerie3000.ch\/wordpress\/wp-content\/uploads\/2022\/11\/dizzy_daisy-225x300.png 225w, https:\/\/galerie3000.ch\/wordpress\/wp-content\/uploads\/2022\/11\/dizzy_daisy-1152x1536.png 1152w, https:\/\/galerie3000.ch\/wordpress\/wp-content\/uploads\/2022\/11\/dizzy_daisy-1536x2048.png 1536w\" sizes=\"auto, (max-width: 768px) 100vw, 768px\" \/><\/a><figcaption class=\"wp-element-caption\">Dizzy Daisy, 2022<br>Multimedia Installation, Video, HD 16:9, Audio, Latex, Papier, Draht, Whitemorph, Acryl, Wandfarbe, Garn, Heisskleber<\/figcaption><\/figure>\n\n\n\n<p>Dizzy Daisy<\/p>\n\n\n\n<p>Der Garten scheint ein Spiegelbild der Gesellschaft und eines Individuums zu sein, indem \u00e4hnlich digitaler R\u00e4ume wie social media Plattformen oder konstruierter Avatare Bed\u00fcrfnisse, Begierden und W\u00fcnsche zum Ausdruck gebracht werden k\u00f6nnen, gleich einer H\u00fclle, welche mit diesen angef\u00fcllt wird und ein von Innen nach Aussen kehren dieser zul\u00e4sst. Er dient als Projektionsfl\u00e4che und Repr\u00e4sentions Platform, ein Ort der Begegnung, und Kultivierung verschiedenster Ideologien und zeigt den jeweiligen status quo der Gesellschaft.<\/p>\n\n\n\n<p>Auch der K\u00f6rper in der virtuellen Welt, der von der Aussenh\u00fclle definiert ist, wirkt wie ein utopischer Raum, den pers\u00f6nlichen W\u00fcnschen entsprechend geformt.<\/p>\n\n\n\n<p>Sowohl der digitale wie analoge Garten ist ein vom Menschen konstruierter Raum k\u00fcnstlicher Natur.<\/p>\n\n\n\n<p>Dieser ist stets durch einen Zaun oder Code definiert, welcher das Innere vom \u00c4usseren auch \u00f6rtlich abzustecken versucht und sowohl besch\u00fctzend wie auch begrenzend wirkt.<\/p>\n\n\n\n<p>Der heutige digitale Raum k\u00f6nnte mit den Kr\u00e4uterg\u00e4rten von damals verglichen werden, welcher Extreme vereinte : sachliche Tatsachen, reine Vernunft und heilversprechende Kr\u00e4uterkunst, welche mit purem Wahnsinn gepaart wurden.<\/p>\n\n\n\n<p>So wie auch mit falschen Informationen im Netz \u00c4ngste gesch\u00fcrt werden und pers\u00f6nliche Individuen und Gruppen attackiert werden k\u00f6nnen wurden damals die Kr\u00e4uterfrauen die sogenannten Hagschen, Hegs ( Wortstamm ursprgl.Hag, Garten, Zaun) als Hexen verunglimpft und verfolgt.<\/p>\n\n\n\n<p>In dieser Installation stehen die Daisy\u2019s ein bekanntes Klischee stellvertretend, Emojis gleich, f\u00fcr all die unterschiedlichsten Formen menschlicher Bed\u00fcrfnisse, Emotionen und W\u00fcnsche in k\u00fcnstlicher, vereinfachten, zerst\u00fcckelten und komprimierter Form in einem k\u00fcnstlich erscheinendem Raum. Ein simpler Abzug all dieser un- (m)\u00f6glichen Utopien und fehlerhaften Wissens\u00fcberlieferung mit mutierten Neuformungen scheinen in unserer Welt effizient Antworten und Wissen generieren zu k\u00f6nnen.<\/p>\n\n\n\n<p>Einer Fratze \u00e4hnelnd, h\u00e4misch lachend oder auch freundlich grinsend.<\/p>\n\n\n\n<p>Die Daisy auch ein Zeichen des Neuanfangs, das Auge des Tages, die Ersehnte, Tausendsch\u00f6n<\/p>\n\n\n\n<figure class=\"wp-block-gallery has-nested-images columns-default is-cropped wp-block-gallery-1 is-layout-flex wp-block-gallery-is-layout-flex\">\n<figure class=\"wp-block-image size-large\"><a href=\"https:\/\/galerie3000.ch\/wordpress\/wp-content\/uploads\/2022\/12\/20221110_174856-scaled.jpg\"><img loading=\"lazy\" decoding=\"async\" width=\"1024\" height=\"578\" data-id=\"1799\" src=\"https:\/\/galerie3000.ch\/wordpress\/wp-content\/uploads\/2022\/12\/20221110_174856-1024x578.jpg\" alt=\"\" class=\"wp-image-1799\" srcset=\"https:\/\/galerie3000.ch\/wordpress\/wp-content\/uploads\/2022\/12\/20221110_174856-1024x578.jpg 1024w, https:\/\/galerie3000.ch\/wordpress\/wp-content\/uploads\/2022\/12\/20221110_174856-300x169.jpg 300w, https:\/\/galerie3000.ch\/wordpress\/wp-content\/uploads\/2022\/12\/20221110_174856-768x433.jpg 768w, https:\/\/galerie3000.ch\/wordpress\/wp-content\/uploads\/2022\/12\/20221110_174856-1536x866.jpg 1536w, https:\/\/galerie3000.ch\/wordpress\/wp-content\/uploads\/2022\/12\/20221110_174856-2048x1155.jpg 2048w\" sizes=\"auto, (max-width: 1024px) 100vw, 1024px\" \/><\/a><\/figure>\n\n\n\n<figure class=\"wp-block-image size-large\"><a href=\"https:\/\/galerie3000.ch\/wordpress\/wp-content\/uploads\/2022\/12\/20221110_174911-scaled.jpg\"><img loading=\"lazy\" decoding=\"async\" width=\"1024\" height=\"578\" data-id=\"1801\" src=\"https:\/\/galerie3000.ch\/wordpress\/wp-content\/uploads\/2022\/12\/20221110_174911-1024x578.jpg\" alt=\"\" class=\"wp-image-1801\" srcset=\"https:\/\/galerie3000.ch\/wordpress\/wp-content\/uploads\/2022\/12\/20221110_174911-1024x578.jpg 1024w, https:\/\/galerie3000.ch\/wordpress\/wp-content\/uploads\/2022\/12\/20221110_174911-300x169.jpg 300w, https:\/\/galerie3000.ch\/wordpress\/wp-content\/uploads\/2022\/12\/20221110_174911-768x433.jpg 768w, https:\/\/galerie3000.ch\/wordpress\/wp-content\/uploads\/2022\/12\/20221110_174911-1536x866.jpg 1536w, https:\/\/galerie3000.ch\/wordpress\/wp-content\/uploads\/2022\/12\/20221110_174911-2048x1155.jpg 2048w\" sizes=\"auto, (max-width: 1024px) 100vw, 1024px\" \/><\/a><\/figure>\n\n\n\n<figure class=\"wp-block-image size-large\"><a href=\"https:\/\/galerie3000.ch\/wordpress\/wp-content\/uploads\/2022\/12\/20221110_174936-scaled.jpg\"><img loading=\"lazy\" decoding=\"async\" width=\"578\" height=\"1024\" data-id=\"1797\" src=\"https:\/\/galerie3000.ch\/wordpress\/wp-content\/uploads\/2022\/12\/20221110_174936-578x1024.jpg\" alt=\"\" class=\"wp-image-1797\" srcset=\"https:\/\/galerie3000.ch\/wordpress\/wp-content\/uploads\/2022\/12\/20221110_174936-578x1024.jpg 578w, https:\/\/galerie3000.ch\/wordpress\/wp-content\/uploads\/2022\/12\/20221110_174936-169x300.jpg 169w, https:\/\/galerie3000.ch\/wordpress\/wp-content\/uploads\/2022\/12\/20221110_174936-768x1362.jpg 768w, https:\/\/galerie3000.ch\/wordpress\/wp-content\/uploads\/2022\/12\/20221110_174936-866x1536.jpg 866w, https:\/\/galerie3000.ch\/wordpress\/wp-content\/uploads\/2022\/12\/20221110_174936-1155x2048.jpg 1155w, https:\/\/galerie3000.ch\/wordpress\/wp-content\/uploads\/2022\/12\/20221110_174936-scaled.jpg 1444w\" sizes=\"auto, (max-width: 578px) 100vw, 578px\" \/><\/a><\/figure>\n\n\n\n<figure class=\"wp-block-image size-large\"><a href=\"https:\/\/galerie3000.ch\/wordpress\/wp-content\/uploads\/2022\/12\/20221110_174945-scaled.jpg\"><img loading=\"lazy\" decoding=\"async\" width=\"578\" height=\"1024\" data-id=\"1798\" src=\"https:\/\/galerie3000.ch\/wordpress\/wp-content\/uploads\/2022\/12\/20221110_174945-578x1024.jpg\" alt=\"\" class=\"wp-image-1798\" srcset=\"https:\/\/galerie3000.ch\/wordpress\/wp-content\/uploads\/2022\/12\/20221110_174945-578x1024.jpg 578w, https:\/\/galerie3000.ch\/wordpress\/wp-content\/uploads\/2022\/12\/20221110_174945-169x300.jpg 169w, https:\/\/galerie3000.ch\/wordpress\/wp-content\/uploads\/2022\/12\/20221110_174945-768x1362.jpg 768w, https:\/\/galerie3000.ch\/wordpress\/wp-content\/uploads\/2022\/12\/20221110_174945-866x1536.jpg 866w, https:\/\/galerie3000.ch\/wordpress\/wp-content\/uploads\/2022\/12\/20221110_174945-1155x2048.jpg 1155w, https:\/\/galerie3000.ch\/wordpress\/wp-content\/uploads\/2022\/12\/20221110_174945-scaled.jpg 1444w\" sizes=\"auto, (max-width: 578px) 100vw, 578px\" \/><\/a><\/figure>\n\n\n\n<figure class=\"wp-block-image size-large\"><a href=\"https:\/\/galerie3000.ch\/wordpress\/wp-content\/uploads\/2022\/12\/IMG_20221110_175447_898-scaled.jpg\"><img loading=\"lazy\" decoding=\"async\" width=\"1024\" height=\"1024\" data-id=\"1800\" src=\"https:\/\/galerie3000.ch\/wordpress\/wp-content\/uploads\/2022\/12\/IMG_20221110_175447_898-1024x1024.jpg\" alt=\"\" class=\"wp-image-1800\" srcset=\"https:\/\/galerie3000.ch\/wordpress\/wp-content\/uploads\/2022\/12\/IMG_20221110_175447_898-1024x1024.jpg 1024w, https:\/\/galerie3000.ch\/wordpress\/wp-content\/uploads\/2022\/12\/IMG_20221110_175447_898-300x300.jpg 300w, https:\/\/galerie3000.ch\/wordpress\/wp-content\/uploads\/2022\/12\/IMG_20221110_175447_898-150x150.jpg 150w, https:\/\/galerie3000.ch\/wordpress\/wp-content\/uploads\/2022\/12\/IMG_20221110_175447_898-768x768.jpg 768w, https:\/\/galerie3000.ch\/wordpress\/wp-content\/uploads\/2022\/12\/IMG_20221110_175447_898-1536x1536.jpg 1536w, https:\/\/galerie3000.ch\/wordpress\/wp-content\/uploads\/2022\/12\/IMG_20221110_175447_898-2048x2048.jpg 2048w\" sizes=\"auto, (max-width: 1024px) 100vw, 1024px\" \/><\/a><\/figure>\n<\/figure>\n","protected":false},"excerpt":{"rendered":"<p>Dizzy Daisy Einzelausstellung von Katrin Niedermeier in der Galerie 3000 Vernissage: 10.11.2022 18h Dauer der Ausstellung: 12.11. bis 10.12.2022 jeweils 13-16h Dizzy Daisy Der Garten scheint ein Spiegelbild der Gesellschaft und eines Individuums zu sein, indem \u00e4hnlich digitaler R\u00e4ume wie&#8230;<\/p>\n","protected":false},"author":2,"featured_media":0,"parent":0,"menu_order":0,"comment_status":"closed","ping_status":"closed","template":"page-template-fullwidth.php","meta":{"footnotes":""},"class_list":["post-1769","page","type-page","status-publish","hentry"],"_links":{"self":[{"href":"https:\/\/galerie3000.ch\/wordpress\/wp-json\/wp\/v2\/pages\/1769","targetHints":{"allow":["GET"]}}],"collection":[{"href":"https:\/\/galerie3000.ch\/wordpress\/wp-json\/wp\/v2\/pages"}],"about":[{"href":"https:\/\/galerie3000.ch\/wordpress\/wp-json\/wp\/v2\/types\/page"}],"author":[{"embeddable":true,"href":"https:\/\/galerie3000.ch\/wordpress\/wp-json\/wp\/v2\/users\/2"}],"replies":[{"embeddable":true,"href":"https:\/\/galerie3000.ch\/wordpress\/wp-json\/wp\/v2\/comments?post=1769"}],"version-history":[{"count":3,"href":"https:\/\/galerie3000.ch\/wordpress\/wp-json\/wp\/v2\/pages\/1769\/revisions"}],"predecessor-version":[{"id":1803,"href":"https:\/\/galerie3000.ch\/wordpress\/wp-json\/wp\/v2\/pages\/1769\/revisions\/1803"}],"wp:attachment":[{"href":"https:\/\/galerie3000.ch\/wordpress\/wp-json\/wp\/v2\/media?parent=1769"}],"curies":[{"name":"wp","href":"https:\/\/api.w.org\/{rel}","templated":true}]}}