{"id":1638,"date":"2021-10-02T19:53:31","date_gmt":"2021-10-02T19:53:31","guid":{"rendered":"http:\/\/galerie3000.ch\/wordpress\/?page_id=1638"},"modified":"2021-11-02T19:34:16","modified_gmt":"2021-11-02T19:34:16","slug":"gabriel-fluckiger","status":"publish","type":"page","link":"https:\/\/galerie3000.ch\/wordpress\/gabriel-fluckiger\/","title":{"rendered":"Gabriel Fl\u00fcckiger"},"content":{"rendered":"\n<p><\/p>\n\n\n\n<p>(untitled) ist eine Einzelausstellung mit fotografischen Werken rund um Abstraktion, Resonanz und Stimmigkeit. Fl\u00fcckiger arbeitet im fotografischen Prozess mit experimentellen Anordnungen, die zu sehr eigent\u00fcmlichen und ruhigen Bildern f\u00fchren. F\u00fcr die Galerie 3000 zeigt er eine Auswahl speziell f\u00fcr den Ausstellungsraum.<\/p>\n\n\n\n<figure class=\"wp-block-image size-full\"><a href=\"http:\/\/galerie3000.ch\/wordpress\/wp-content\/uploads\/2021\/11\/51582595773_5a55013818_c.jpg\"><img loading=\"lazy\" decoding=\"async\" width=\"799\" height=\"451\" src=\"http:\/\/galerie3000.ch\/wordpress\/wp-content\/uploads\/2021\/11\/51582595773_5a55013818_c.jpg\" alt=\"\" class=\"wp-image-1656\" srcset=\"https:\/\/galerie3000.ch\/wordpress\/wp-content\/uploads\/2021\/11\/51582595773_5a55013818_c.jpg 799w, https:\/\/galerie3000.ch\/wordpress\/wp-content\/uploads\/2021\/11\/51582595773_5a55013818_c-300x169.jpg 300w, https:\/\/galerie3000.ch\/wordpress\/wp-content\/uploads\/2021\/11\/51582595773_5a55013818_c-768x434.jpg 768w\" sizes=\"auto, (max-width: 799px) 100vw, 799px\" \/><\/a><figcaption>Ausstellungsansicht; Gabriel Fl\u00fcckiger, Galerie 3000, November 2021<\/figcaption><\/figure>\n\n\n\n<figure class=\"wp-block-image size-large\"><a href=\"http:\/\/galerie3000.ch\/wordpress\/wp-content\/uploads\/2021\/10\/IMGL5571.jpeg\"><img decoding=\"async\" src=\"http:\/\/galerie3000.ch\/wordpress\/wp-content\/uploads\/2021\/10\/IMGL5571-1024x682.jpeg\" alt=\"\" class=\"wp-image-1639\"\/><\/a><\/figure>\n\n\n\n<p>Vernissage: 7.10.2021, 18h &#8211; 21h<br>Ausstellung: 16.10.2021 &#8211; 6.11.2021<br>\u00d6ffnungszeiten: jeweils Samstag, 13h &#8211; 16h<\/p>\n\n\n\n<p>Mit grozz\u00fcgiger Unterst\u00fctzung von:<\/p>\n\n\n\n<figure class=\"wp-block-image size-full\"><a href=\"http:\/\/galerie3000.ch\/wordpress\/wp-content\/uploads\/2018\/09\/Opera-Momentaufnahme_2018-09-29_111223_us9.admin_.mailchimp.com_.png\"><img loading=\"lazy\" decoding=\"async\" width=\"576\" height=\"229\" src=\"http:\/\/galerie3000.ch\/wordpress\/wp-content\/uploads\/2018\/09\/Opera-Momentaufnahme_2018-09-29_111223_us9.admin_.mailchimp.com_.png\" alt=\"\" class=\"wp-image-1281\" srcset=\"https:\/\/galerie3000.ch\/wordpress\/wp-content\/uploads\/2018\/09\/Opera-Momentaufnahme_2018-09-29_111223_us9.admin_.mailchimp.com_.png 576w, https:\/\/galerie3000.ch\/wordpress\/wp-content\/uploads\/2018\/09\/Opera-Momentaufnahme_2018-09-29_111223_us9.admin_.mailchimp.com_-300x119.png 300w\" sizes=\"auto, (max-width: 576px) 100vw, 576px\" \/><\/a><\/figure>\n","protected":false},"excerpt":{"rendered":"<p>(untitled) ist eine Einzelausstellung mit fotografischen Werken rund um Abstraktion, Resonanz und Stimmigkeit. Fl\u00fcckiger arbeitet im fotografischen Prozess mit experimentellen Anordnungen, die zu sehr eigent\u00fcmlichen und ruhigen Bildern f\u00fchren. F\u00fcr die Galerie 3000 zeigt er eine Auswahl speziell f\u00fcr den&#8230;<\/p>\n","protected":false},"author":2,"featured_media":0,"parent":0,"menu_order":0,"comment_status":"closed","ping_status":"closed","template":"","meta":{"footnotes":""},"class_list":["post-1638","page","type-page","status-publish","hentry"],"_links":{"self":[{"href":"https:\/\/galerie3000.ch\/wordpress\/wp-json\/wp\/v2\/pages\/1638","targetHints":{"allow":["GET"]}}],"collection":[{"href":"https:\/\/galerie3000.ch\/wordpress\/wp-json\/wp\/v2\/pages"}],"about":[{"href":"https:\/\/galerie3000.ch\/wordpress\/wp-json\/wp\/v2\/types\/page"}],"author":[{"embeddable":true,"href":"https:\/\/galerie3000.ch\/wordpress\/wp-json\/wp\/v2\/users\/2"}],"replies":[{"embeddable":true,"href":"https:\/\/galerie3000.ch\/wordpress\/wp-json\/wp\/v2\/comments?post=1638"}],"version-history":[{"count":3,"href":"https:\/\/galerie3000.ch\/wordpress\/wp-json\/wp\/v2\/pages\/1638\/revisions"}],"predecessor-version":[{"id":1658,"href":"https:\/\/galerie3000.ch\/wordpress\/wp-json\/wp\/v2\/pages\/1638\/revisions\/1658"}],"wp:attachment":[{"href":"https:\/\/galerie3000.ch\/wordpress\/wp-json\/wp\/v2\/media?parent=1638"}],"curies":[{"name":"wp","href":"https:\/\/api.w.org\/{rel}","templated":true}]}}