{"id":1441,"date":"2020-02-10T20:22:08","date_gmt":"2020-02-10T20:22:08","guid":{"rendered":"http:\/\/galerie3000.ch\/wordpress\/?page_id=1441"},"modified":"2020-02-29T12:40:42","modified_gmt":"2020-02-29T12:40:42","slug":"mein-verein","status":"publish","type":"page","link":"https:\/\/galerie3000.ch\/wordpress\/artists\/mein-verein\/","title":{"rendered":"Mein Verein"},"content":{"rendered":"\n<p>Mein Verein<\/p>\n\n\n\n<p>Mit <strong><em>Zines<\/em><\/strong> in der Galerie 3000 vom 27. Februar bis 29. M\u00e4rz 2020.<\/p>\n\n\n\n<figure class=\"wp-block-image size-large\"><img loading=\"lazy\" decoding=\"async\" width=\"800\" height=\"450\" src=\"http:\/\/galerie3000.ch\/wordpress\/wp-content\/uploads\/2020\/02\/49599189858_a3b899f238_c.jpg\" alt=\"\" class=\"wp-image-1465\" srcset=\"https:\/\/galerie3000.ch\/wordpress\/wp-content\/uploads\/2020\/02\/49599189858_a3b899f238_c.jpg 800w, https:\/\/galerie3000.ch\/wordpress\/wp-content\/uploads\/2020\/02\/49599189858_a3b899f238_c-300x169.jpg 300w, https:\/\/galerie3000.ch\/wordpress\/wp-content\/uploads\/2020\/02\/49599189858_a3b899f238_c-768x432.jpg 768w\" sizes=\"auto, (max-width: 800px) 100vw, 800px\" \/><figcaption>Ausstellungsansicht Februar 2020 &#8211; Mein Verein @ Galerie 3000<\/figcaption><\/figure>\n\n\n\n<p>                                                                                                                                                                                                                                                                                                                                                                                                                                                                                                                                                                     <strong>Unsere jetzige Situation <\/strong><br>Wie alles angefangen hat, l\u00e4sst sich nicht mehr rekonstruieren. Irgendwann sind wir bei Villem Flusser gelandet, in der Untiefe, bei Vampyrotheutis infernalis.  <\/p>\n\n\n\n<p>Und als wir uns bei Octopus\u2019s Garden und derflussersch-erotischen Begreifung der Welt wiedergefunden haben, schien alles Sinn zu machen. So wie kurz vorher, als wir sicher waren, im Marmorera-Stausee mit vor langer Zeit versenkten Keramiken Tintenfische fangen zu k\u00f6nnen. Dank einer traditionellen Technik mit Tongef\u00e4ssen.<\/p>\n\n\n\n<p> Daraufhin haben wir viel Zeit mit Ton verbracht, und mit Fl\u00f6ten, und mit Vertonungen, die uns den Vorwand geliefert haben, ein Fass in Brand zu setzen. Einen Brennofen. <\/p>\n\n\n\n<p>Wir dachten, das k\u00f6nnte uns in Art der experimentellenArch\u00e4ologie helfen, das was am Anfang war zu rekonstruieren. Assoziativ r\u00fcckw\u00e4rts evolutionieren. Das hat mittelgut funktioniert. Wie immer, wenn man einerseits sich gegenseitig informiert und aber auch Objekte, und die dann ein Eigenleben entwickeln und Anspruch darauf erheben, mehr zu sein als ein Vorwand. <\/p>\n\n\n\n<p>Unsere jetzige Situation kann man sich in etwa so vorstellen:<br>Vier ungerichtete Tastfiguren tasten sich durch die Gegend, sie sind verbunden, also wie Tentakel, irgendwie aber auch nicht. Und manchmal ger\u00e4t einem von ihnen ein Objekt zwischen die Finger, oder eine Aubergine, die diejenige mit gutemGrund f\u00fcr eine Okarina h\u00e4lt. <\/p>\n\n\n\n<p>Und manchmal formt eine von den Tentakeln eine Tintenwolke aus Wasserfarbe, so ganz aus dem Bauch heraus in dem gerade etwas anderes verdaut wird, und dannsieht das aus wie ein Stausee oder wie Fruchtwasser oder wie genau die Schwelle zwischen Innen und Aussen. Und ob und wann man etwas aus dem Stausee herausfischt, oder ob die Fangmethoden ein Selbstzweck geworden sind, oder schon immer waren, das bleibt so unscharf wie die Bilder von den Miniaturamphoren unter Wasser. Was sicher ist: Wenn man etwas herausfischen will, ist es nie verkehrt, erst einmal etwas hineinzuwerfen. Man k\u00f6nnte auch sagen: <\/p>\n\n\n\n<p>Es geht um Vorw\u00e4nde f\u00fcr plastische Aktivit\u00e4ten. Es geht um kopflose Autorschaft. Es geht um Urformen und Evolution, um das Begreifen von Fragmenten, um sexuelle und andere Formen der Orientierung. Es geht um Fortbestand und um Verfl\u00fcssigung. <\/p>\n\n\n\n<p>Mein Verein sind Mariann Oppliger, Sophie Hofer, Res Thierstein, Mirjam Bayerd\u00f6rferund zeitweilig weitere Vereinsmitglieder; seit 2016.                                         <\/p>\n\n\n\n<p>Mein Verein bringt Schnee von Gestern und probiert\u00a03+2+1+1 in eine Jeans zu  quetschen. Und macht Zines und andere Publikationen.\u00a0 Dies ist eine Ausstellung mit Elementen zum Ber\u00fchren oder ber\u00fchrt werden. \u00a0 An der Vernissage sind alle Mitglieder von Mein Verein anwesend. Wie immer. Mein Verein freut sich!<\/p>\n\n\n\n<figure class=\"wp-block-image size-large\"><img loading=\"lazy\" decoding=\"async\" width=\"787\" height=\"994\" src=\"http:\/\/galerie3000.ch\/wordpress\/wp-content\/uploads\/2020\/02\/grosserhutVerein.png\" alt=\"Mein Verein\" class=\"wp-image-1457\" srcset=\"https:\/\/galerie3000.ch\/wordpress\/wp-content\/uploads\/2020\/02\/grosserhutVerein.png 787w, https:\/\/galerie3000.ch\/wordpress\/wp-content\/uploads\/2020\/02\/grosserhutVerein-238x300.png 238w, https:\/\/galerie3000.ch\/wordpress\/wp-content\/uploads\/2020\/02\/grosserhutVerein-768x970.png 768w\" sizes=\"auto, (max-width: 787px) 100vw, 787px\" \/><\/figure>\n\n\n\n<p>Er\u00f6ffnung: 27. Februar 2020 ab 18.00h<br>Die Ausstellung dauert vom  27.2.-28.3.2020.<\/p>\n","protected":false},"excerpt":{"rendered":"<p>Mein Verein Mit Zines in der Galerie 3000 vom 27. Februar bis 29. M\u00e4rz 2020. Unsere jetzige Situation Wie alles angefangen hat, l\u00e4sst sich nicht mehr rekonstruieren. Irgendwann sind wir bei Villem Flusser gelandet, in der Untiefe, bei Vampyrotheutis infernalis&#8230;.<\/p>\n","protected":false},"author":2,"featured_media":0,"parent":20,"menu_order":0,"comment_status":"closed","ping_status":"closed","template":"page-template-fullwidth.php","meta":{"footnotes":""},"class_list":["post-1441","page","type-page","status-publish","hentry"],"_links":{"self":[{"href":"https:\/\/galerie3000.ch\/wordpress\/wp-json\/wp\/v2\/pages\/1441","targetHints":{"allow":["GET"]}}],"collection":[{"href":"https:\/\/galerie3000.ch\/wordpress\/wp-json\/wp\/v2\/pages"}],"about":[{"href":"https:\/\/galerie3000.ch\/wordpress\/wp-json\/wp\/v2\/types\/page"}],"author":[{"embeddable":true,"href":"https:\/\/galerie3000.ch\/wordpress\/wp-json\/wp\/v2\/users\/2"}],"replies":[{"embeddable":true,"href":"https:\/\/galerie3000.ch\/wordpress\/wp-json\/wp\/v2\/comments?post=1441"}],"version-history":[{"count":12,"href":"https:\/\/galerie3000.ch\/wordpress\/wp-json\/wp\/v2\/pages\/1441\/revisions"}],"predecessor-version":[{"id":1466,"href":"https:\/\/galerie3000.ch\/wordpress\/wp-json\/wp\/v2\/pages\/1441\/revisions\/1466"}],"up":[{"embeddable":true,"href":"https:\/\/galerie3000.ch\/wordpress\/wp-json\/wp\/v2\/pages\/20"}],"wp:attachment":[{"href":"https:\/\/galerie3000.ch\/wordpress\/wp-json\/wp\/v2\/media?parent=1441"}],"curies":[{"name":"wp","href":"https:\/\/api.w.org\/{rel}","templated":true}]}}