{"id":1207,"date":"2018-06-25T12:35:51","date_gmt":"2018-06-25T12:35:51","guid":{"rendered":"http:\/\/galerie3000.ch\/wordpress\/?page_id=1207"},"modified":"2018-06-25T19:01:18","modified_gmt":"2018-06-25T19:01:18","slug":"match-point","status":"publish","type":"page","link":"https:\/\/galerie3000.ch\/wordpress\/artists\/match-point\/","title":{"rendered":"Match Point"},"content":{"rendered":"<div class=\"_2l3f _2pic\"><a href=\"https:\/\/www.facebook.com\/events\/255743111900272\/?acontext=%7B%22source%22%3A5%2C%22action_history%22%3A[%7B%22surface%22%3A%22page%22%2C%22mechanism%22%3A%22main_list%22%2C%22extra_data%22%3A%22%5C%22[]%5C%22%22%7D]%2C%22has_source%22%3Atrue%7D\">Match Point<\/a><\/div>\n<div class=\"_2l3g _2pic\"><a href=\"https:\/\/www.facebook.com\/PROGR_Zentrum-f%C3%BCr-Kulturproduktion-33397159737\/\" data-hovercard=\"\/ajax\/hovercard\/hovercard.php?id=33397159737\">PROGR_Zentrum f\u00fcr Kulturproduktion<\/a><\/div>\n<div class=\"_2l3j\">\n<p class=\"_4etw\"><img loading=\"lazy\" decoding=\"async\" class=\"alignnone wp-image-1208 size-full\" src=\"http:\/\/galerie3000.ch\/wordpress\/wp-content\/uploads\/2018\/06\/mp.jpg\" alt=\"\" width=\"874\" height=\"620\" srcset=\"https:\/\/galerie3000.ch\/wordpress\/wp-content\/uploads\/2018\/06\/mp.jpg 874w, https:\/\/galerie3000.ch\/wordpress\/wp-content\/uploads\/2018\/06\/mp-300x213.jpg 300w, https:\/\/galerie3000.ch\/wordpress\/wp-content\/uploads\/2018\/06\/mp-768x545.jpg 768w\" sizes=\"auto, (max-width: 874px) 100vw, 874px\" \/><\/p>\n<p>&nbsp;<\/p>\n<p class=\"_4etw\">&#8222;Die Ausstellung Match Point erm\u00f6glicht Studenten des Studiengangs Kunst, an der ECAV HES-SO ( Kunsthochschule Wallis ), ihre Arbeiten einem gr\u00f6sseren Publikum in Bern zu pr\u00e4sentieren. Die Galerie Bernhard Bischoff und Partner so wie Video Kunst CH und die Galerie 3000 haben daf\u00fcr ihre R\u00e4umlichkeiten im PROGR Bern zur Verf\u00fcgung gestellt. Dieser professionelle Rahmen bietet den Studenten die M\u00f6glichkeit, ihre Arbeiten in einen neuen Kontext zu setzten und ausserehalb der Hochschule neu zu inszenieren. F\u00fcr die Ausstellung wurden bewusst keine Diplomarbeiten ausgew\u00e4hlt, sondern Studentenarbeiten, die in den vorherigen Semestern entstanden sind. Die ausgestellten Arbeiten wirken so weniger definitiv und unterstreichen den experimentellen Charakter, so wie die Diversit\u00e4t k\u00fcnstlerischer Auseinandersetzung an der ECAV. Die Ausstellung soll in dem Sinne kein Fixierbild repr\u00e4sentieren, sondern die Entwicklung -und Gestaltungsm\u00f6glichkeiten an unserer Institution aufzeigen.&#8220;<br \/>\nKotscha Reist<\/p>\n<p class=\"_4etw\">Vernissage: Donnerstag 5.07.2018, 18h &#8211; 20h<br \/>\nAusstellung: 6.07.2018 &#8211; 27.07.2018<\/p>\n<p class=\"_4etw\">\u00d6ffnungszeiten: Do-Fr 14h-18h, Sa 12h-16h<\/p>\n<p class=\"_4etw\">Progr_Zentrum f\u00fcr Kulturproduktion, Waisenhausplatz 30, 3001 Bern<\/p>\n<\/div>\n","protected":false},"excerpt":{"rendered":"<p>Match Point PROGR_Zentrum f\u00fcr Kulturproduktion &nbsp; &#8222;Die Ausstellung Match Point erm\u00f6glicht Studenten des Studiengangs Kunst, an der ECAV HES-SO ( Kunsthochschule Wallis ), ihre Arbeiten einem gr\u00f6sseren Publikum in Bern zu pr\u00e4sentieren. Die Galerie Bernhard Bischoff und Partner so wie&#8230;<\/p>\n","protected":false},"author":2,"featured_media":0,"parent":20,"menu_order":0,"comment_status":"closed","ping_status":"closed","template":"page-template-fullwidth.php","meta":{"footnotes":""},"class_list":["post-1207","page","type-page","status-publish","hentry"],"_links":{"self":[{"href":"https:\/\/galerie3000.ch\/wordpress\/wp-json\/wp\/v2\/pages\/1207","targetHints":{"allow":["GET"]}}],"collection":[{"href":"https:\/\/galerie3000.ch\/wordpress\/wp-json\/wp\/v2\/pages"}],"about":[{"href":"https:\/\/galerie3000.ch\/wordpress\/wp-json\/wp\/v2\/types\/page"}],"author":[{"embeddable":true,"href":"https:\/\/galerie3000.ch\/wordpress\/wp-json\/wp\/v2\/users\/2"}],"replies":[{"embeddable":true,"href":"https:\/\/galerie3000.ch\/wordpress\/wp-json\/wp\/v2\/comments?post=1207"}],"version-history":[{"count":4,"href":"https:\/\/galerie3000.ch\/wordpress\/wp-json\/wp\/v2\/pages\/1207\/revisions"}],"predecessor-version":[{"id":1215,"href":"https:\/\/galerie3000.ch\/wordpress\/wp-json\/wp\/v2\/pages\/1207\/revisions\/1215"}],"up":[{"embeddable":true,"href":"https:\/\/galerie3000.ch\/wordpress\/wp-json\/wp\/v2\/pages\/20"}],"wp:attachment":[{"href":"https:\/\/galerie3000.ch\/wordpress\/wp-json\/wp\/v2\/media?parent=1207"}],"curies":[{"name":"wp","href":"https:\/\/api.w.org\/{rel}","templated":true}]}}