{"id":1096,"date":"2018-01-14T12:31:49","date_gmt":"2018-01-14T12:31:49","guid":{"rendered":"http:\/\/galerie3000.ch\/wordpress\/?page_id=1096"},"modified":"2018-09-06T09:31:59","modified_gmt":"2018-09-06T09:31:59","slug":"yolanda-esther-natsch-2","status":"publish","type":"page","link":"https:\/\/galerie3000.ch\/wordpress\/artists\/yolanda-esther-natsch-2\/","title":{"rendered":"Yolanda Esther Natsch"},"content":{"rendered":"<p><strong>W<\/strong><\/p>\n<p>Einzelausstellung im Dezember 207 und Januar 2018<strong>.<br \/>\n<\/strong><\/p>\n<p><a href=\"http:\/\/www.madenkosmos.ch\/\" target=\"_blank\" rel=\"noopener\">Website<\/a> der K\u00fcnstlerin<\/p>\n<p>W<br \/>\nObjekt, Seidenstoff, Stange, 270 x 57 cm<br \/>\n2017<\/p>\n<p>Das Objekt h\u00e4ngt so \u00fcber der<br \/>\nStange, dass die beiden L\u00f6cher<br \/>\nvorne. Das hintere Stoffst\u00fcck h\u00e4ngt<br \/>\nso weit nach unten, dass es durch<br \/>\ndie L\u00f6cher sichtbar ist, aber sonst<br \/>\nnicht.<\/p>\n<div class=\"textLayer\">\n<div><\/div>\n<div>in Bern (CH) geboren, lebt und arbeitet in Bern und Basel<\/div>\n<div>2010 &#8211; 2013<\/div>\n<div>Bachelorstudium Kunst an der FHNW, Hochschule f\u00fcr Gestaltung und Kunst Basel, Institut Kunst<\/div>\n<div>2013 &#8211; 2016<\/div>\n<div>Masterstudium Fine Arts an der FHNW, Hochschule f\u00fcr Gestaltung und Kunst Basel, Institut Kunst<\/div>\n<div>\n<div id=\"attachment_1097\" style=\"width: 731px\" class=\"wp-caption alignnone\"><img loading=\"lazy\" decoding=\"async\" aria-describedby=\"caption-attachment-1097\" class=\"size-full wp-image-1097\" src=\"http:\/\/galerie3000.ch\/wordpress\/wp-content\/uploads\/2018\/01\/yolanda.jpg\" alt=\"Ausstellungsansicht W, Galerie 3000, PROGR Bern, 2\" width=\"721\" height=\"779\" srcset=\"https:\/\/galerie3000.ch\/wordpress\/wp-content\/uploads\/2018\/01\/yolanda.jpg 721w, https:\/\/galerie3000.ch\/wordpress\/wp-content\/uploads\/2018\/01\/yolanda-278x300.jpg 278w\" sizes=\"auto, (max-width: 721px) 100vw, 721px\" \/><p id=\"caption-attachment-1097\" class=\"wp-caption-text\">Ausstellungsansicht W, Galerie 3000, PROGR Bern, 2017<\/p><\/div>\n<\/div>\n<\/div>\n<p><img loading=\"lazy\" decoding=\"async\" class=\"alignnone size-medium_large wp-image-1087\" src=\"http:\/\/galerie3000.ch\/wordpress\/wp-content\/uploads\/2017\/12\/Screenshot_20171208-091021-01-768x1060.jpeg\" alt=\"\" width=\"768\" height=\"1060\" srcset=\"https:\/\/galerie3000.ch\/wordpress\/wp-content\/uploads\/2017\/12\/Screenshot_20171208-091021-01-768x1060.jpeg 768w, https:\/\/galerie3000.ch\/wordpress\/wp-content\/uploads\/2017\/12\/Screenshot_20171208-091021-01-217x300.jpeg 217w, https:\/\/galerie3000.ch\/wordpress\/wp-content\/uploads\/2017\/12\/Screenshot_20171208-091021-01-742x1024.jpeg 742w, https:\/\/galerie3000.ch\/wordpress\/wp-content\/uploads\/2017\/12\/Screenshot_20171208-091021-01.jpeg 907w\" sizes=\"auto, (max-width: 768px) 100vw, 768px\" \/><\/p>\n\n\t\t\t<div id='gallery-1096-1' class='gallery gallery-1096'>\n\t\t\t\t<div class='gallery-row gallery-col-3 gallery-clear'>\n\t\t\t\t\t<figure class='gallery-item col-3'>\n\t\t\t\t\t\t<div class='gallery-icon '><a href='https:\/\/galerie3000.ch\/wordpress\/artists\/yolanda-esther-natsch-2\/38225284054_d404eaa810_z\/'><img loading=\"lazy\" decoding=\"async\" width=\"300\" height=\"225\" src=\"https:\/\/galerie3000.ch\/wordpress\/wp-content\/uploads\/2018\/09\/38225284054_d404eaa810_z-300x225.jpg\" class=\"attachment-medium size-medium\" alt=\"\" srcset=\"https:\/\/galerie3000.ch\/wordpress\/wp-content\/uploads\/2018\/09\/38225284054_d404eaa810_z-300x225.jpg 300w, https:\/\/galerie3000.ch\/wordpress\/wp-content\/uploads\/2018\/09\/38225284054_d404eaa810_z.jpg 640w\" sizes=\"auto, (max-width: 300px) 100vw, 300px\" \/><\/a><\/div>\n\t\t\t\t\t<\/figure>\n\t\t\t\t\t<figure class='gallery-item col-3'>\n\t\t\t\t\t\t<div class='gallery-icon '><a href='https:\/\/galerie3000.ch\/wordpress\/artists\/yolanda-esther-natsch-2\/39919820642_ba96015ed2_z\/'><img loading=\"lazy\" decoding=\"async\" width=\"300\" height=\"225\" src=\"https:\/\/galerie3000.ch\/wordpress\/wp-content\/uploads\/2018\/09\/39919820642_ba96015ed2_z-300x225.jpg\" class=\"attachment-medium size-medium\" alt=\"\" srcset=\"https:\/\/galerie3000.ch\/wordpress\/wp-content\/uploads\/2018\/09\/39919820642_ba96015ed2_z-300x225.jpg 300w, https:\/\/galerie3000.ch\/wordpress\/wp-content\/uploads\/2018\/09\/39919820642_ba96015ed2_z.jpg 640w\" sizes=\"auto, (max-width: 300px) 100vw, 300px\" \/><\/a><\/div>\n\t\t\t\t\t<\/figure>\n\t\t\t\t\t<figure class='gallery-item col-3'>\n\t\t\t\t\t\t<div class='gallery-icon '><a href='https:\/\/galerie3000.ch\/wordpress\/artists\/yolanda-esther-natsch-2\/38225284054_d404eaa810_z-1\/'><img loading=\"lazy\" decoding=\"async\" width=\"300\" height=\"225\" src=\"https:\/\/galerie3000.ch\/wordpress\/wp-content\/uploads\/2018\/09\/38225284054_d404eaa810_z-1-300x225.jpg\" class=\"attachment-medium size-medium\" alt=\"\" srcset=\"https:\/\/galerie3000.ch\/wordpress\/wp-content\/uploads\/2018\/09\/38225284054_d404eaa810_z-1-300x225.jpg 300w, https:\/\/galerie3000.ch\/wordpress\/wp-content\/uploads\/2018\/09\/38225284054_d404eaa810_z-1.jpg 640w\" sizes=\"auto, (max-width: 300px) 100vw, 300px\" \/><\/a><\/div>\n\t\t\t\t\t<\/figure>\n\t\t\t\t<\/div>\n\t\t\t<\/div><!-- .gallery -->\n\n<p><strong>\u00a0<\/strong><\/p>\n<p>&nbsp;<\/p>\n","protected":false},"excerpt":{"rendered":"<p>W Einzelausstellung im Dezember 207 und Januar 2018. Website der K\u00fcnstlerin W Objekt, Seidenstoff, Stange, 270 x 57 cm 2017 Das Objekt h\u00e4ngt so \u00fcber der Stange, dass die beiden L\u00f6cher vorne. Das hintere Stoffst\u00fcck h\u00e4ngt so weit nach unten,&#8230;<\/p>\n","protected":false},"author":2,"featured_media":0,"parent":20,"menu_order":0,"comment_status":"closed","ping_status":"closed","template":"page-template-fullwidth.php","meta":{"footnotes":""},"class_list":["post-1096","page","type-page","status-publish","hentry"],"_links":{"self":[{"href":"https:\/\/galerie3000.ch\/wordpress\/wp-json\/wp\/v2\/pages\/1096","targetHints":{"allow":["GET"]}}],"collection":[{"href":"https:\/\/galerie3000.ch\/wordpress\/wp-json\/wp\/v2\/pages"}],"about":[{"href":"https:\/\/galerie3000.ch\/wordpress\/wp-json\/wp\/v2\/types\/page"}],"author":[{"embeddable":true,"href":"https:\/\/galerie3000.ch\/wordpress\/wp-json\/wp\/v2\/users\/2"}],"replies":[{"embeddable":true,"href":"https:\/\/galerie3000.ch\/wordpress\/wp-json\/wp\/v2\/comments?post=1096"}],"version-history":[{"count":3,"href":"https:\/\/galerie3000.ch\/wordpress\/wp-json\/wp\/v2\/pages\/1096\/revisions"}],"predecessor-version":[{"id":1259,"href":"https:\/\/galerie3000.ch\/wordpress\/wp-json\/wp\/v2\/pages\/1096\/revisions\/1259"}],"up":[{"embeddable":true,"href":"https:\/\/galerie3000.ch\/wordpress\/wp-json\/wp\/v2\/pages\/20"}],"wp:attachment":[{"href":"https:\/\/galerie3000.ch\/wordpress\/wp-json\/wp\/v2\/media?parent=1096"}],"curies":[{"name":"wp","href":"https:\/\/api.w.org\/{rel}","templated":true}]}}